rime factors of u?
2
Let m(o) = 2*o**2 - 3*o - 2. Let j = -3 + 8. What are the prime factors of m(j)?
3, 11
Suppose -3 = -p, -4*p = -2*x + 171 - 13. What are the prime factors of x?
5, 17
Let d(c) = c. Let i be d(2). Suppose 0 = i*s - 7*s + 135. What are the prime factors of s?
3
Suppose -6*i + i = 30. Let a = 9 - i. What are the prime factors of a?
3, 5
Suppose 0 = 4*n + 1 + 3. Let y = 35 + -23. List the prime factors of y - 2 - n - -1.
2, 3
Let u be 0/(-2*(-1 - 0)). Suppose -a + 0*a + 12 = u. What are the prime factors of a?
2, 3
Let s be -15 + (-1*4 - -2). Let z = s - -28. What are the prime factors of z + (4/2)/(-1)?
3
Suppose -5*u + 15 = -2*u. Suppose -30 = -u*k + 55. List the prime factors of k.
17
List the prime factors of 60*-4*(-45)/40.
2, 3, 5
Let a = 43 - 15. List the prime factors of a.
2, 7
List the prime factors of 0 - 2 - (-10 + 1).
7
Let g be (-2)/6 + (-1141)/(-21). Suppose -5*u + 71 = -g. What are the prime factors of u?
5
Suppose -2*a + 304 = 2*h, 3*a + 2*a + 2*h = 757. List the prime factors of a.
151
Let c(m) = m - 5. Let z be c(8). Let f(o) = -o**3 - o**2 + 5*o - 2. Let b be f(z). Let n = -15 - b. List the prime factors of n.
2
Let c(h) = h**2 + 6*h + 3. Suppose -l - 16 = 2*y, -l = 2*y - 2*l + 16. What are the prime factors of c(y)?
19
Suppose 0 = 4*m - 4, -3*t = -m - 168 + 61. Let d = t - 17. List the prime factors of d.
19
Let r = 11 - 3. Let l be 45/(-10)*r/3. List the prime factors of l/66 - (-134)/11.
2, 3
Let h be 2/(-8) - 7/(-28). Let f = 2 + h. Suppose -j + 54 = -0*l + 4*l, f*j = -3*l + 38. List the prime factors of l.
2, 7
Let x(s) = 3*s**2 - 2*s - 1. Let q be x(-1). Let j(o) = -o**3 + 6*o**2 - 6*o + 6. Let y be j(5). List the prime factors of (q - 2 - -9) + y.
2, 3
What are the prime factors of 74/2*(10 + -9)?
37
Suppose 3 = 4*f - 13. List the prime factors of (7/f - 1)*28.
3, 7
Suppose -3*k + 0*k = 3*c - 159, 2*c + 4*k = 108. Suppose -j - 5*w = -30, c = 3*j + w - 5*w. List the prime factors of j.
2, 5
Let i be (12/(-9))/((-4)/54). Let m be i/4*(-4)/(-6). Let h(o) = -o**3 + 3*o**2 + 3*o + 2. List the prime factors of h(m).
11
Let i(z) = z**3 - 7*z**2 + 7*z - 1. Let d be i(6). Suppose 0 = d*v - 0*v - 25. Let h(t) = -t + 7. What are the prime factors of h(v)?
2
Let d(o) = -26*o - 2. Let v be d(-2). Suppose -66 = -4*c + v. List the prime factors of c.
29
Let a(u) = -u**2 - 13*u - 6. Let i be a(-13). Let w(z) = -2*z - 2 + 0 - 2. What are the prime factors of w(i)?
2
Let a = 13 - 9. What are the prime factors of 188/20 + a/(-10)?
3
Let o be (12/16)/(2/8). Suppose o = 2*v - 11. List the prime factors of v.
7
Suppose 5*w = 4*r - 191 + 49, 5*r + 3*w = 159. List the prime factors of r.
3, 11
Let t(i) = i + 8 + 0*i + 0*i. Suppose 8 = -g + 2. What are the prime factors of t(g)?
2
Suppose 2*y - 4*z = 98, 0 = -5*y - 3*z + 50 + 130. List the prime factors of y.
3, 13
Let n(p) = -p**2 + 6 + 4*p + 3*p - 2*p. Let z(i) = i**3 - 4*i**2 - 5*i + 5. Let x be z(5). List the prime factors of n(x).
2, 3
Suppose -3*o + 14 - 2 = 0. Let f(t) = t**3 - 13*t**2 + 10 + 0*t**3 + o*t**2 + 9*t. What are the prime factors of f(8)?
2, 3
Let z(o) = 2*o**2 + 12*o + 1. Let s be z(-9). Let q = 78 - s. What are the prime factors of q?
23
Let o(q) be the first derivative of q**4/24 - 7*q**3/6 - 3*q**2/2 - 2. Let m(f) be the second derivative of o(f). What are the prime factors of m(11)?
2
Let g be 428/18 - 10/(-45). Suppose -4*s + 3*s = -g. What are the prime factors of s?
2, 3
Suppose 6*z = 3*z + 6. Let t(b) = 3*b**3 + 2*b**2 - 4*b + 3. List the prime factors of t(z).
3
Let x = -4 - -7. Suppose p + x*a - 13 = 2*a, -38 = -2*p + 4*a. List the prime factors of p.
3, 5
Let b(y) = -5*y**3 - 12*y**2 + 12*y + 4. Let q(n) = -6*n**3 - 13*n**2 + 12*n + 5. Let p(k) = -5*b(k) + 4*q(k). What are the prime factors of p(-9)?
3
Let h be (-1)/2 - 50/4. Let k = 1 - h. List the prime factors of k.
2, 7
Let f(j) = 2*j - 7. Let m be f(5). Suppose -v + m*v - 24 = 0. List the prime factors of ((-2)/(-4))/(3/v).
2
List the prime factors of (-3030)/(-40) + 2/8.
2, 19
Let c(l) = 3*l. Let p(b) = 2*b. Let a(g) = 3*c(g) - 2*p(g). Let w be a(1). Suppose i - 16 = -w. List the prime factors of i.
11
List the prime factors of 12 - (3 + -4)*4.
2
Let i(j) = -j**3 - 6*j**2 - 6*j - 7. Let l be i(-5). Let a(u) = -2*u - 1. List the prime factors of a(l).
3
Let j(x) be the second derivative of 1/20*x**5 - 1/3*x**4 + 2*x + 0 + 0*x**2 + 1/3*x**3. What are the prime factors of j(4)?
2
Let h = 356 - 191. What are the prime factors of h?
3, 5, 11
Let j(p) = -6*p + 3. Let g be j(2). Let r = g - -6. Let o(u) = -3*u - 1. What are the prime factors of o(r)?
2
Let p = -3 - -7. Let x be 4/(-12) - 37/(-3). Suppose -p*l + 3*l = -x. List the prime factors of l.
2, 3
Suppose t = 3*t - 5*m + 52, 4*t + 104 = 5*m. Let g = 39 + t. List the prime factors of g.
13
Let w = 292 + -173. What are the prime factors of w?
7, 17
Let m = -16 + 8. Let i = m + 13. Suppose 3*c - 66 = -4*q, 0*q + i*c + 20 = 2*q. What are the prime factors of q?
3, 5
Let m(u) = 18 + 5*u - 4*u - 15. What are the prime factors of m(7)?
2, 5
Suppose 108 = 3*o + o. What are the prime factors of o?
3
Let b(z) = z + 7. Let m be b(-7). Suppose m = -4*q + 13 - 5. List the prime factors of 16/(-12)*(-9)/q.
2, 3
Let z(l) = -l + 29. Suppose 0 = -4*q - q. Let v be z(q). Suppose 3*f - 7 = v. List the prime factors of f.
2, 3
Suppose -4*a + n = -2*a - 192, -480 = -5*a + 5*n. Let t(s) = -s**3 - 6*s**2 - 4*s + 4. Let q be t(-6). Suppose a = 4*y + q. List the prime factors of y.
17
Let v(m) = 234*m**2 - m - 2. What are the prime factors of v(-1)?
233
Suppose 105 = 2*r + 5*d, -3*r - 6*d + d + 170 = 0. What are the prime factors of r?
5, 13
Suppose -20 = -5*s + 10. List the prime factors of s.
2, 3
Let w be (-2)/(-14) - (-80)/28. Suppose -26 = -w*r + 34. List the prime factors of r.
2, 5
Let n be 2/(-4)*6/3. Let l(v) = -v**3 + 11*v**2 - 10*v - 5. Let f be l(10). What are the prime factors of ((-5)/(-5))/(n/f)?
5
Let i(k) = k**3 + 4*k**2 + 2*k - 2. Let o be i(-2). Let n = 8 + o. List the prime factors of n.
2, 5
Suppose -2*n = 2*n - 4*o - 32, -3*n = o - 8. Suppose 0 = n*d - s - s - 164, 4*d + 3*s - 184 = 0. List the prime factors of d.
43
Suppose -7*k - 220 = -9*k. Suppose 7*h = 3*h + i + k, -i + 142 = 5*h. What are the prime factors of h?
2, 7
Let v be (184/(-8))/(-1*1). Suppose z + 0*z - v = 0. What are the prime factors of z?
23
Let t be -4 + 5 + 2 + -1. Let j = 14 - t. List the prime factors of j.
2, 3
Let y = -3 - -46. What are the prime factors of y?
43
Let w(o) = -2*o - 80. Let g be w(0). Let s = 131 + g. List the prime factors of s.
3, 17
Let x = 23 + 24. List the prime factors of x.
47
Let a be 6 + (3 - (1 - -1)). Let o = 12 - a. List the prime factors of o.
5
Let j(t) = 9*t + 17. What are the prime factors of j(8)?
89
Let m be 28 - (3 - 5)*1. Suppose 6*u - m = 3*u. What are the prime factors of u?
2, 5
Let f(u) = u**2 + 2*u**2 + 3 - 2*u**2 + 0 - 4*u. List the prime factors of f(6).
3, 5
Let j be ((-2)/3)/((-6)/144). What are the prime factors of j - 2/(3/3)?
2, 7
Let y(w) = -5*w**2 - 28*w - 24. Let t(a) = -a**2 - 7*a - 6. Let o(u) = 9*t(u) - 2*y(u). List the prime factors of o(9).
2, 3
Suppose 5 + 5 = 5*w. Suppose -11 = -5*k - 3*n, -3*n + 0 - 1 = w*k. List the prime factors of 1 + 6/(-3) + k.
3
What are the prime factors of (-304)/(-3) + (-6)/(-9)?
2, 3, 17
Suppose 12 - 2 = 5*b. Suppose 2*h = -5*v + 4, 2*v = -4*h + 3*h + b. Suppose -g = -v*g - 5. List the prime factors of g.
5
Suppose -3*a = 4*q - 62, 3*q - 48 = -2*a - 1. What are the prime factors of q?
17
Suppose 0 = -4*g - 3*f + 12, 8*f = -g + 3*f - 14. Let a be (g/(-18))/((-2)/36). Let i(p) = p**3 - 5*p**2 - 6*p + 3. List the prime factors of i(a).
3
Suppose 0 = 4*w - 0*w - 120. What are the prime factors of w?
2, 3, 5
Let z(v) = -v**3 + 7*v**2 + 1. Let u be z(7). Suppose u = 2*q - w, 5*q + 20 = -3*w - 2*w. List the prime factors of (-10)/(q - (-1 - -2)).
5
Suppose v - 5 = 35. What are the prime factors of v?
2, 5
What are the prime factors of (-4)/14 + (-3795)/(-77)?
7
Let z(u) = u**3 + 19*u**2 - 11*u - 9. What are the prime factors of z(-19)?
2, 5
Let q(g) = 3*g - g - 2*g**3 - 3 + 4 - 5*g**3 + g**2. What are the prime factors of q(-1)?
7
List the prime factors of 8/(96/(-30))*(-68)/5.
2, 17
L